inder when 34583 is divided by 262?
261
What is the remainder when 20334 is divided by 17?
2
Calculate the remainder when 50106 is divided by 125.
106
What is the remainder when 11627 is divided by 550?
77
What is the remainder when 2560 is divided by 58?
8
Calculate the remainder when 9819 is divided by 1634.
15
What is the remainder when 10394 is divided by 371?
6
What is the remainder when 30807 is divided by 11?
7
What is the remainder when 34581 is divided by 87?
42
What is the remainder when 81226 is divided by 580?
26
Calculate the remainder when 84432 is divided by 518.
516
Calculate the remainder when 995 is divided by 491.
13
What is the remainder when 31525 is divided by 15757?
11
Calculate the remainder when 123423 is divided by 203.
202
Calculate the remainder when 582119 is divided by 440.
439
Calculate the remainder when 506 is divided by 308.
198
What is the remainder when 30770 is divided by 4381?
103
What is the remainder when 2526 is divided by 1257?
12
What is the remainder when 2057 is divided by 102?
17
Calculate the remainder when 107253 is divided by 531.
522
What is the remainder when 737 is divided by 119?
23
Calculate the remainder when 165165 is divided by 36.
33
Calculate the remainder when 36854 is divided by 4081.
125
What is the remainder when 2998 is divided by 133?
72
What is the remainder when 22338 is divided by 78?
30
Calculate the remainder when 59342 is divided by 55.
52
Calculate the remainder when 23307 is divided by 259.
256
Calculate the remainder when 323 is divided by 267.
56
Calculate the remainder when 113165 is divided by 316.
37
Calculate the remainder when 383004 is divided by 51.
45
Calculate the remainder when 36075 is divided by 2576.
11
What is the remainder when 28007 is divided by 1407?
1274
Calculate the remainder when 2092892 is divided by 1376.
1372
What is the remainder when 225227 is divided by 1115?
1112
Calculate the remainder when 329913 is divided by 49.
45
What is the remainder when 7881 is divided by 1280?
201
What is the remainder when 58761 is divided by 135?
36
What is the remainder when 806342 is divided by 67?
64
Calculate the remainder when 46421 is divided by 213.
200
What is the remainder when 522898 is divided by 247?
246
What is the remainder when 247691 is divided by 9526?
15
Calculate the remainder when 614405 is divided by 2048.
5
What is the remainder when 58554 is divided by 598?
548
Calculate the remainder when 125285 is divided by 540.
5
Calculate the remainder when 7200 is divided by 12.
0
Calculate the remainder when 4760 is divided by 608.
504
Calculate the remainder when 517126 is divided by 103423.
11
What is the remainder when 204070 is divided by 3579?
67
Calculate the remainder when 307218 is divided by 85.
28
What is the remainder when 590 is divided by 528?
62
Calculate the remainder when 3730 is divided by 1856.
18
Calculate the remainder when 161516 is divided by 80730.
56
What is the remainder when 216524 is divided by 38?
0
What is the remainder when 18884 is divided by 3774?
14
Calculate the remainder when 13858 is divided by 2308.
10
What is the remainder when 15371 is divided by 716?
335
Calculate the remainder when 330308 is divided by 24.
20
Calculate the remainder when 2701 is divided by 44.
17
What is the remainder when 2673298 is divided by 50?
48
Calculate the remainder when 2035 is divided by 108.
91
Calculate the remainder when 852 is divided by 811.
41
What is the remainder when 16558 is divided by 240?
238
What is the remainder when 13003 is divided by 469?
340
What is the remainder when 638 is divided by 356?
282
Calculate the remainder when 67802 is divided by 8475.
2
Calculate the remainder when 903 is divided by 318.
267
What is the remainder when 156071 is divided by 377?
370
Calculate the remainder when 10039 is divided by 3346.
1
Calculate the remainder when 13952 is divided by 515.
47
Calculate the remainder when 132882 is divided by 3690.
42
What is the remainder when 8580 is divided by 1066?
52
Calculate the remainder when 1050 is divided by 160.
90
What is the remainder when 15397 is divided by 125?
22
What is the remainder when 1351 is divided by 1016?
335
Calculate the remainder when 865 is divided by 205.
45
Calculate the remainder when 15751 is divided by 15738.
13
What is the remainder when 3506 is divided by 114?
86
Calculate the remainder when 31238 is divided by 1249.
13
Calculate the remainder when 12989 is divided by 1228.
709
Calculate the remainder when 10364 is divided by 73.
71
What is the remainder when 634261 is divided by 211395?
76
Calculate the remainder when 170179 is divided by 33.
31
What is the remainder when 52406 is divided by 30?
26
What is the remainder when 175224 is divided by 4?
0
What is the remainder when 20783 is divided by 105?
98
What is the remainder when 14445 is divided by 28?
25
What is the remainder when 3881 is divided by 27?
20
What is the remainder when 25248 is divided by 202?
200
Calculate the remainder when 1098 is divided by 105.
48
What is the remainder when 14058 is divided by 40?
18
What is the remainder when 10626 is divided by 152?
138
Calculate the remainder when 7974 is divided by 14.
8
What is the remainder when 255019 is divided by 644?
639
Calculate the remainder when 3439 is divided by 86.
85
What is the remainder when 10313 is divided by 8?
1
What is the remainder when 127757 is divided by 1799?
28
Calculate the remainder when 8297 is divided by 639.
629
What is the remainder when 180074 is divided by 36008?
34
Calculate the remainder when 68095 is divided by 139.
124
What is the remainder when 40205 is divided by 483?
116
What is the remainder when 68899 is divided by 1722?
19
Calculate the remainder when 112207 is divided by 339.
337
What is the remainder when 6228 is divided by 312?
300
Calculate the remainder when 55028 is divided by 598.
12
Calculate the remainder when 1734 is divided by 748.
238
Calculate the remainder when 17415 is divided by 17376.
39
What is the remainder when 9653 is divided by 322?
315
What is the remainder when 3850 is divided by 1277?
19
Calculate the remainder when 74278 is divided by 258.
232
Calculate the remainder when 10037 is divided by 86.
61
What is the remainder when 241861 is divided by 18?
13
Calculate the remainder when 783103 is divided by 874.
873
What is the remainder when 39592 is divided by 19?
15
Calculate the remainder when 30514 is divided by 51.
16
What is the remainder when 21182 is divided by 5237?
234
Calculate the remainder when 3981 is divided by 1862.
257
What is the remainder when 107835 is divided by 6342?
21
What is the remainder when 4086 is divided by 72?
54
What is the remainder when 8794 is divided by 2131?
270
What is the remainder when 389844 is divided by 537?
519
Calculate the remainder when 5431 is divided by 142.
35
What is the remainder when 16911 is divided by 3372?
51
What is the remainder when 46143 is divided by 1922?
15
What is the remainder when 17874 is divided by 75?
24
What is the remainder when 13115 is divided by 130?
115
Calculate the remainder when 2552592 is divided by 50.
42
What is the remainder when 20900 is divided by 1900?
0
Calculate the remainder when 6958 is divided by 855.
118
What is the remainder when 10738 is divided by 87?
37
What is the remainder when 226375 is divided by 113173?
29
Calculate the remainder when 1592 is divided by 361.
148
Calculate the remainder when 511 is divided by 257.
254
What is the remainder when 136634 is divided by 2788?
22
What is the remainder when 441685 is divided by 143?
101
What is the remainder when 884 is divided by 172?
24
Calculate the remainder when 1304 is divided by 128.
24
What is the remainder when 323384 is divided by 234?
230
Calculate the remainder when 15336 is divided by 5100.
36
What is the remainder when 11492 is divided by 3198?
1898
What is the remainder when 19652 is divided by 26?
22
Calculate the remainder when 167 is divided by 139.
28
What is the remainder when 5836 is divided by 39?
25
Calculate the remainder when 622430 is divided by 155607.
2
Calculate the remainder when 2025 is divided by 247.
49
Calculate the remainder when 2475 is divided by 292.
139
What is the remainder when 1554 is divided by 1554?
0
